{"id":364,"date":"2025-05-06T09:46:19","date_gmt":"2025-05-06T09:46:19","guid":{"rendered":"https:\/\/zdrowelapy.pl\/?page_id=364"},"modified":"2025-05-09T08:12:26","modified_gmt":"2025-05-09T08:12:26","slug":"hydroterapia","status":"publish","type":"page","link":"https:\/\/zdrowelapy.pl\/index.php\/hydroterapia\/","title":{"rendered":"Hydroterapia"},"content":{"rendered":"\n<p><strong>Bezpieczny i skuteczny powr\u00f3t do sprawno\u015bci. <\/strong><\/p>\n\n\n\n<hr class=\"wp-block-separator has-alpha-channel-opacity\"\/>\n\n\n\n<figure class=\"wp-block-image aligncenter size-large is-resized\"><img loading=\"lazy\" decoding=\"async\" width=\"1024\" height=\"683\" src=\"https:\/\/zdrowelapy.pl\/wp-content\/uploads\/2025\/05\/KahruUWTM3-1024x683.jpg\" alt=\"\" class=\"wp-image-387\" style=\"width:593px;height:auto\" srcset=\"https:\/\/zdrowelapy.pl\/wp-content\/uploads\/2025\/05\/KahruUWTM3-1024x683.jpg 1024w, https:\/\/zdrowelapy.pl\/wp-content\/uploads\/2025\/05\/KahruUWTM3-300x200.jpg 300w, https:\/\/zdrowelapy.pl\/wp-content\/uploads\/2025\/05\/KahruUWTM3-768x512.jpg 768w, https:\/\/zdrowelapy.pl\/wp-content\/uploads\/2025\/05\/KahruUWTM3.jpg 1280w\" sizes=\"auto, (max-width: 1024px) 100vw, 1024px\" \/><\/figure>\n\n\n\n<div class=\"wp-block-group is-nowrap is-layout-flex wp-container-core-group-is-layout-6c531013 wp-block-group-is-layout-flex\">\n<p>Hydroterapia to jedna z najskuteczniejszych metod rehabilitacji ps\u00f3w (i kot\u00f3w), oparta na \u0107wiczeniach w wodzie \u2013 najcz\u0119\u015bciej na bie\u017cni wodnej lub w basenie terapeutycznym. Dzi\u0119ki wyporno\u015bci wody, stawy i kr\u0119gos\u0142up s\u0105 odci\u0105\u017cone, co pozwala na bezbolesne wzmacnianie mi\u0119\u015bni, popraw\u0119 zakresu ruchu i przyspieszenie powrotu do sprawno\u015bci.<\/p>\n<\/div>\n\n\n\n<p>Ta forma terapii jest szczeg\u00f3lnie polecana psom po operacjach ortopedycznych, z dysplazj\u0105, chorobami neurologicznymi, oty\u0142o\u015bci\u0105, a tak\u017ce psim seniorom, kt\u00f3rzy potrzebuj\u0105 \u0142agodnej, ale skutecznej formy aktywno\u015bci fizycznej.<\/p>\n\n\n\n<div class=\"wp-block-group is-nowrap is-layout-flex wp-container-core-group-is-layout-6c531013 wp-block-group-is-layout-flex\">\n<p>W <strong>Zdrowych \u0141apach<\/strong> pracuj\u0119 z pe\u0142nym zaanga\u017cowaniem i indywidualnym podej\u015bciem do ka\u017cdego pacjenta. Ka\u017cdy program hydroterapii dostosowuj\u0119 do potrzeb i mo\u017cliwo\u015bci Twojego psa \u2013 z trosk\u0105, cierpliwo\u015bci\u0105 i dostepn\u0105 wiedz\u0105.<\/p>\n<\/div>\n\n\n\n<p>Je\u015bli Tw\u00f3j pies potrzebuje wsparcia w powrocie do zdrowia, odzyskaniu sprawno\u015bci lub utrzymaniu dobrej kondycji \u2013 zapraszam serdecznie. <\/p>\n\n\n\n<figure class=\"wp-block-image aligncenter size-full is-resized\"><img loading=\"lazy\" decoding=\"async\" width=\"472\" height=\"629\" src=\"https:\/\/zdrowelapy.pl\/wp-content\/uploads\/2025\/05\/IMG_8552.jpeg.webp\" alt=\"\" class=\"wp-image-389\" style=\"width:388px;height:auto\" srcset=\"https:\/\/zdrowelapy.pl\/wp-content\/uploads\/2025\/05\/IMG_8552.jpeg.webp 472w, https:\/\/zdrowelapy.pl\/wp-content\/uploads\/2025\/05\/IMG_8552.jpeg-225x300.webp 225w\" sizes=\"auto, (max-width: 472px) 100vw, 472px\" \/><\/figure>\n\n\n\n<p><strong>Zabiegi na bie\u017cni wodnej odbywaj\u0105 si\u0119 w Lutyni k. Wroc\u0142awia. Na zabiegi trzeba um\u00f3wi\u0107 si\u0119 z wyprzedzeniem abym mog\u0142a zarezerwowa\u0107 dost\u0119pno\u015b\u0107 hydrobie\u017cni dla pacjenta. Godziny spotka\u0144 ustalane s\u0105 indywidualnie. Trening na bie\u017cni trwa od 10-30 minut + czas na suszenie. <\/strong><\/p>\n\n\n\n<p>Zadbajmy wsp\u00f3lnie o zdrowie, komfort i rado\u015b\u0107 \u017cycia Twojego psa!<\/p>\n\n\n\n<figure class=\"wp-block-image size-full\"><img loading=\"lazy\" decoding=\"async\" width=\"724\" height=\"483\" src=\"https:\/\/zdrowelapy.pl\/wp-content\/uploads\/2025\/05\/dog-hydrotherapy-pewaukee-wi.webp\" alt=\"\" class=\"wp-image-390\" srcset=\"https:\/\/zdrowelapy.pl\/wp-content\/uploads\/2025\/05\/dog-hydrotherapy-pewaukee-wi.webp 724w, https:\/\/zdrowelapy.pl\/wp-content\/uploads\/2025\/05\/dog-hydrotherapy-pewaukee-wi-300x200.webp 300w\" sizes=\"auto, (max-width: 724px) 100vw, 724px\" \/><\/figure>\n\n\n\n<div class=\"wp-block-buttons is-content-justification-center is-layout-flex wp-container-core-buttons-is-layout-a89b3969 wp-block-buttons-is-layout-flex\">\n<div class=\"wp-block-button\"><a class=\"wp-block-button__link has-text-align-center wp-element-button\" href=\"https:\/\/zdrowelapy.pl\/index.php\/gdzie-pomagam\/\">Um\u00f3w si\u0119 na hydrobie\u017cni\u0119 <\/a><\/div>\n<\/div>\n\n\n\n<h3 class=\"wp-block-heading\">\ud83d\udcc5 Um\u00f3w si\u0119 na wizyt\u0119 \u2013 zadbaj o komfort swojego zwierzaka<\/h3>\n\n\n\n<p>Ka\u017cde zwierz\u0119 to osobna historia. W Goldenmajko Zdrowe \u0141apy nie pracujemy schematami \u2013 tworzymy <strong>indywidualne plany terapii<\/strong>, dopasowane do stanu zdrowia, temperamentu i mo\u017cliwo\u015bci Twojego pupila.<\/p>\n\n\n\n<p>Zapraszamy opiekun\u00f3w ps\u00f3w i kot\u00f3w w ka\u017cdym wieku \u2013 od szczeni\u0105t po senior\u00f3w. Niezale\u017cnie, czy Tw\u00f3j zwierzak wraca do zdrowia po operacji, ma przewlek\u0142y problem ruchowy, czy po prostu potrzebuje wsparcia i dotyku \u2013 jeste\u015bmy tu, by pom\u00f3c.<\/p>\n\n\n\n<p>\ud83d\udcde Zadzwo\u0144: 888343269<br>\ud83d\udce7 Napisz: goldenmajko@poczta.onet.pl<br>\ud83c\udf10 Znajd\u017a nas online: FB: goldenmajko IG: goldenmajko<\/p>\n\n\n\n<p><strong>Goldenmajko Zdrowe \u0141apy \u2013 bo zdrowie Twojego zwierzaka zaczyna si\u0119 od troskliwego dotyku.<\/strong><\/p>\n","protected":false},"excerpt":{"rendered":"<p>Bezpieczny i skuteczny powr\u00f3t do sprawno\u015bci. Hydroterapia to jedna z najskuteczniejszych metod rehabilitacji ps\u00f3w (i kot\u00f3w), oparta na \u0107wiczeniach w wodzie \u2013 najcz\u0119\u015bciej na bie\u017cni wodnej lub w basenie terapeutycznym. Dzi\u0119ki wyporno\u015bci wody, stawy i kr\u0119gos\u0142up s\u0105 odci\u0105\u017cone, co pozwala na bezbolesne wzmacnianie mi\u0119\u015bni, popraw\u0119 zakresu ruchu i przyspieszenie powrotu do sprawno\u015bci. Ta forma terapii [&hellip;]<\/p>\n","protected":false},"author":1,"featured_media":0,"parent":0,"menu_order":0,"comment_status":"closed","ping_status":"closed","template":"","meta":{"footnotes":""},"class_list":["post-364","page","type-page","status-publish","hentry"],"yoast_head":"<!-- This site is optimized with the Yoast SEO plugin v25.6 - https:\/\/yoast.com\/wordpress\/plugins\/seo\/ -->\n<title>Hydroterapia - Goldenmajko Zdrowe \u0141apy<\/title>\n<meta name=\"robots\" content=\"index, follow, max-snippet:-1, max-image-preview:large, max-video-preview:-1\" \/>\n<link rel=\"canonical\" href=\"https:\/\/zdrowelapy.pl\/index.php\/hydroterapia\/\" \/>\n<meta property=\"og:locale\" content=\"pl_PL\" \/>\n<meta property=\"og:type\" content=\"article\" \/>\n<meta property=\"og:title\" content=\"Hydroterapia - Goldenmajko Zdrowe \u0141apy\" \/>\n<meta property=\"og:description\" content=\"Bezpieczny i skuteczny powr\u00f3t do sprawno\u015bci. Hydroterapia to jedna z najskuteczniejszych metod rehabilitacji ps\u00f3w (i kot\u00f3w), oparta na \u0107wiczeniach w wodzie \u2013 najcz\u0119\u015bciej na bie\u017cni wodnej lub w basenie terapeutycznym. Dzi\u0119ki wyporno\u015bci wody, stawy i kr\u0119gos\u0142up s\u0105 odci\u0105\u017cone, co pozwala na bezbolesne wzmacnianie mi\u0119\u015bni, popraw\u0119 zakresu ruchu i przyspieszenie powrotu do sprawno\u015bci. Ta forma terapii [&hellip;]\" \/>\n<meta property=\"og:url\" content=\"https:\/\/zdrowelapy.pl\/index.php\/hydroterapia\/\" \/>\n<meta property=\"og:site_name\" content=\"Goldenmajko Zdrowe \u0141apy\" \/>\n<meta property=\"article:publisher\" content=\"https:\/\/www.facebook.com\/goldenmajko\" \/>\n<meta property=\"article:modified_time\" content=\"2025-05-09T08:12:26+00:00\" \/>\n<meta property=\"og:image\" content=\"http:\/\/zdrowelapy.pl\/wp-content\/uploads\/2025\/05\/KahruUWTM3-1024x683.jpg\" \/>\n<meta name=\"twitter:card\" content=\"summary_large_image\" \/>\n<meta name=\"twitter:label1\" content=\"Szacowany czas czytania\" \/>\n\t<meta name=\"twitter:data1\" content=\"2 minuty\" \/>\n<script type=\"application\/ld+json\" class=\"yoast-schema-graph\">{\"@context\":\"https:\/\/schema.org\",\"@graph\":[{\"@type\":\"WebPage\",\"@id\":\"https:\/\/zdrowelapy.pl\/index.php\/hydroterapia\/\",\"url\":\"https:\/\/zdrowelapy.pl\/index.php\/hydroterapia\/\",\"name\":\"Hydroterapia - Goldenmajko Zdrowe \u0141apy\",\"isPartOf\":{\"@id\":\"https:\/\/zdrowelapy.pl\/#website\"},\"primaryImageOfPage\":{\"@id\":\"https:\/\/zdrowelapy.pl\/index.php\/hydroterapia\/#primaryimage\"},\"image\":{\"@id\":\"https:\/\/zdrowelapy.pl\/index.php\/hydroterapia\/#primaryimage\"},\"thumbnailUrl\":\"http:\/\/zdrowelapy.pl\/wp-content\/uploads\/2025\/05\/KahruUWTM3-1024x683.jpg\",\"datePublished\":\"2025-05-06T09:46:19+00:00\",\"dateModified\":\"2025-05-09T08:12:26+00:00\",\"breadcrumb\":{\"@id\":\"https:\/\/zdrowelapy.pl\/index.php\/hydroterapia\/#breadcrumb\"},\"inLanguage\":\"pl-PL\",\"potentialAction\":[{\"@type\":\"ReadAction\",\"target\":[\"https:\/\/zdrowelapy.pl\/index.php\/hydroterapia\/\"]}]},{\"@type\":\"ImageObject\",\"inLanguage\":\"pl-PL\",\"@id\":\"https:\/\/zdrowelapy.pl\/index.php\/hydroterapia\/#primaryimage\",\"url\":\"https:\/\/zdrowelapy.pl\/wp-content\/uploads\/2025\/05\/KahruUWTM3.jpg\",\"contentUrl\":\"https:\/\/zdrowelapy.pl\/wp-content\/uploads\/2025\/05\/KahruUWTM3.jpg\",\"width\":1280,\"height\":854},{\"@type\":\"BreadcrumbList\",\"@id\":\"https:\/\/zdrowelapy.pl\/index.php\/hydroterapia\/#breadcrumb\",\"itemListElement\":[{\"@type\":\"ListItem\",\"position\":1,\"name\":\"Strona g\u0142\u00f3wna\",\"item\":\"https:\/\/zdrowelapy.pl\/\"},{\"@type\":\"ListItem\",\"position\":2,\"name\":\"Hydroterapia\"}]},{\"@type\":\"WebSite\",\"@id\":\"https:\/\/zdrowelapy.pl\/#website\",\"url\":\"https:\/\/zdrowelapy.pl\/\",\"name\":\"Goldenmajko Zdrowe \u0141apy\",\"description\":\"\",\"publisher\":{\"@id\":\"https:\/\/zdrowelapy.pl\/#\/schema\/person\/2f7db41a315c7eaf06bf4c8cb584a0ba\"},\"potentialAction\":[{\"@type\":\"SearchAction\",\"target\":{\"@type\":\"EntryPoint\",\"urlTemplate\":\"https:\/\/zdrowelapy.pl\/?s={search_term_string}\"},\"query-input\":{\"@type\":\"PropertyValueSpecification\",\"valueRequired\":true,\"valueName\":\"search_term_string\"}}],\"inLanguage\":\"pl-PL\"},{\"@type\":[\"Person\",\"Organization\"],\"@id\":\"https:\/\/zdrowelapy.pl\/#\/schema\/person\/2f7db41a315c7eaf06bf4c8cb584a0ba\",\"name\":\"goldenmajko\",\"image\":{\"@type\":\"ImageObject\",\"inLanguage\":\"pl-PL\",\"@id\":\"https:\/\/zdrowelapy.pl\/#\/schema\/person\/image\/\",\"url\":\"https:\/\/zdrowelapy.pl\/wp-content\/uploads\/2025\/05\/logo.png\",\"contentUrl\":\"https:\/\/zdrowelapy.pl\/wp-content\/uploads\/2025\/05\/logo.png\",\"width\":500,\"height\":250,\"caption\":\"goldenmajko\"},\"logo\":{\"@id\":\"https:\/\/zdrowelapy.pl\/#\/schema\/person\/image\/\"},\"description\":\"Edyta Gajewska Kynolog, hodowca Golden Retriever\u00f3w, zoofizjoterapeuta Psy s\u0105 dla mnie najwa\u017cniejsze. Podchodz\u0119 do nich holistycznie! Moje zainteresowania to specyfika ps\u00f3w sportowych, motoryka i biomechanika ruchu oraz techniki zoofizjoterapeutyczne. Jestem Certyfikowanym Masa\u017cyst\u0105 Ps\u00f3w zajmuj\u0105cym si\u0119 terapi\u0105 manualn\u0105 z u\u017cyciem r\u00f3\u017cnorodnych technik fizjoterapeutycznych. Uko\u0144czy\u0142am szereg kurs\u00f3w w Studium Zoofizjoterapii Zwierz\u0105t. Uczestniczy\u0142am w seminariach i warsztatach prowadzonych przez \u015bwiatowej klasy specjalist\u00f3w takich jak Chris Zink, Katie Lawrance, Julie Platt, Marketa Urbaskowa czy te\u017c Pilar Laufente. Uko\u0144czy\u0142am tak\u017ce kurs Akupunktury Weterynaryjnej. Z psami \u017cyj\u0119 na co dzie\u0144. Kynologi\u0105 z zami\u0142owania zajmuj\u0119 si\u0119 od 25 lat. Prowadz\u0119 jedn\u0105 z najlepszych polskich hodowli Golden Retriever. Posiadam bogat\u0105 wiedz\u0119 dotycz\u0105c\u0105 behawioru ps\u00f3w. W wolnym czasie trenujemy nosework, je\u017adzimy na wystawy i chodzimy po g\u00f3rach.\",\"sameAs\":[\"http:\/\/zdrowelapy.pl\",\"https:\/\/www.facebook.com\/goldenmajko\",\"https:\/\/www.instagram.com\/goldenmajko\/\"]}]}<\/script>\n<!-- \/ Yoast SEO plugin. -->","yoast_head_json":{"title":"Hydroterapia - Goldenmajko Zdrowe \u0141apy","robots":{"index":"index","follow":"follow","max-snippet":"max-snippet:-1","max-image-preview":"max-image-preview:large","max-video-preview":"max-video-preview:-1"},"canonical":"https:\/\/zdrowelapy.pl\/index.php\/hydroterapia\/","og_locale":"pl_PL","og_type":"article","og_title":"Hydroterapia - Goldenmajko Zdrowe \u0141apy","og_description":"Bezpieczny i skuteczny powr\u00f3t do sprawno\u015bci. Hydroterapia to jedna z najskuteczniejszych metod rehabilitacji ps\u00f3w (i kot\u00f3w), oparta na \u0107wiczeniach w wodzie \u2013 najcz\u0119\u015bciej na bie\u017cni wodnej lub w basenie terapeutycznym. Dzi\u0119ki wyporno\u015bci wody, stawy i kr\u0119gos\u0142up s\u0105 odci\u0105\u017cone, co pozwala na bezbolesne wzmacnianie mi\u0119\u015bni, popraw\u0119 zakresu ruchu i przyspieszenie powrotu do sprawno\u015bci. Ta forma terapii [&hellip;]","og_url":"https:\/\/zdrowelapy.pl\/index.php\/hydroterapia\/","og_site_name":"Goldenmajko Zdrowe \u0141apy","article_publisher":"https:\/\/www.facebook.com\/goldenmajko","article_modified_time":"2025-05-09T08:12:26+00:00","og_image":[{"url":"http:\/\/zdrowelapy.pl\/wp-content\/uploads\/2025\/05\/KahruUWTM3-1024x683.jpg","type":"","width":"","height":""}],"twitter_card":"summary_large_image","twitter_misc":{"Szacowany czas czytania":"2 minuty"},"schema":{"@context":"https:\/\/schema.org","@graph":[{"@type":"WebPage","@id":"https:\/\/zdrowelapy.pl\/index.php\/hydroterapia\/","url":"https:\/\/zdrowelapy.pl\/index.php\/hydroterapia\/","name":"Hydroterapia - Goldenmajko Zdrowe \u0141apy","isPartOf":{"@id":"https:\/\/zdrowelapy.pl\/#website"},"primaryImageOfPage":{"@id":"https:\/\/zdrowelapy.pl\/index.php\/hydroterapia\/#primaryimage"},"image":{"@id":"https:\/\/zdrowelapy.pl\/index.php\/hydroterapia\/#primaryimage"},"thumbnailUrl":"http:\/\/zdrowelapy.pl\/wp-content\/uploads\/2025\/05\/KahruUWTM3-1024x683.jpg","datePublished":"2025-05-06T09:46:19+00:00","dateModified":"2025-05-09T08:12:26+00:00","breadcrumb":{"@id":"https:\/\/zdrowelapy.pl\/index.php\/hydroterapia\/#breadcrumb"},"inLanguage":"pl-PL","potentialAction":[{"@type":"ReadAction","target":["https:\/\/zdrowelapy.pl\/index.php\/hydroterapia\/"]}]},{"@type":"ImageObject","inLanguage":"pl-PL","@id":"https:\/\/zdrowelapy.pl\/index.php\/hydroterapia\/#primaryimage","url":"https:\/\/zdrowelapy.pl\/wp-content\/uploads\/2025\/05\/KahruUWTM3.jpg","contentUrl":"https:\/\/zdrowelapy.pl\/wp-content\/uploads\/2025\/05\/KahruUWTM3.jpg","width":1280,"height":854},{"@type":"BreadcrumbList","@id":"https:\/\/zdrowelapy.pl\/index.php\/hydroterapia\/#breadcrumb","itemListElement":[{"@type":"ListItem","position":1,"name":"Strona g\u0142\u00f3wna","item":"https:\/\/zdrowelapy.pl\/"},{"@type":"ListItem","position":2,"name":"Hydroterapia"}]},{"@type":"WebSite","@id":"https:\/\/zdrowelapy.pl\/#website","url":"https:\/\/zdrowelapy.pl\/","name":"Goldenmajko Zdrowe \u0141apy","description":"","publisher":{"@id":"https:\/\/zdrowelapy.pl\/#\/schema\/person\/2f7db41a315c7eaf06bf4c8cb584a0ba"},"potentialAction":[{"@type":"SearchAction","target":{"@type":"EntryPoint","urlTemplate":"https:\/\/zdrowelapy.pl\/?s={search_term_string}"},"query-input":{"@type":"PropertyValueSpecification","valueRequired":true,"valueName":"search_term_string"}}],"inLanguage":"pl-PL"},{"@type":["Person","Organization"],"@id":"https:\/\/zdrowelapy.pl\/#\/schema\/person\/2f7db41a315c7eaf06bf4c8cb584a0ba","name":"goldenmajko","image":{"@type":"ImageObject","inLanguage":"pl-PL","@id":"https:\/\/zdrowelapy.pl\/#\/schema\/person\/image\/","url":"https:\/\/zdrowelapy.pl\/wp-content\/uploads\/2025\/05\/logo.png","contentUrl":"https:\/\/zdrowelapy.pl\/wp-content\/uploads\/2025\/05\/logo.png","width":500,"height":250,"caption":"goldenmajko"},"logo":{"@id":"https:\/\/zdrowelapy.pl\/#\/schema\/person\/image\/"},"description":"Edyta Gajewska Kynolog, hodowca Golden Retriever\u00f3w, zoofizjoterapeuta Psy s\u0105 dla mnie najwa\u017cniejsze. Podchodz\u0119 do nich holistycznie! Moje zainteresowania to specyfika ps\u00f3w sportowych, motoryka i biomechanika ruchu oraz techniki zoofizjoterapeutyczne. Jestem Certyfikowanym Masa\u017cyst\u0105 Ps\u00f3w zajmuj\u0105cym si\u0119 terapi\u0105 manualn\u0105 z u\u017cyciem r\u00f3\u017cnorodnych technik fizjoterapeutycznych. Uko\u0144czy\u0142am szereg kurs\u00f3w w Studium Zoofizjoterapii Zwierz\u0105t. Uczestniczy\u0142am w seminariach i warsztatach prowadzonych przez \u015bwiatowej klasy specjalist\u00f3w takich jak Chris Zink, Katie Lawrance, Julie Platt, Marketa Urbaskowa czy te\u017c Pilar Laufente. Uko\u0144czy\u0142am tak\u017ce kurs Akupunktury Weterynaryjnej. Z psami \u017cyj\u0119 na co dzie\u0144. Kynologi\u0105 z zami\u0142owania zajmuj\u0119 si\u0119 od 25 lat. Prowadz\u0119 jedn\u0105 z najlepszych polskich hodowli Golden Retriever. Posiadam bogat\u0105 wiedz\u0119 dotycz\u0105c\u0105 behawioru ps\u00f3w. W wolnym czasie trenujemy nosework, je\u017adzimy na wystawy i chodzimy po g\u00f3rach.","sameAs":["http:\/\/zdrowelapy.pl","https:\/\/www.facebook.com\/goldenmajko","https:\/\/www.instagram.com\/goldenmajko\/"]}]}},"_links":{"self":[{"href":"https:\/\/zdrowelapy.pl\/index.php\/wp-json\/wp\/v2\/pages\/364","targetHints":{"allow":["GET"]}}],"collection":[{"href":"https:\/\/zdrowelapy.pl\/index.php\/wp-json\/wp\/v2\/pages"}],"about":[{"href":"https:\/\/zdrowelapy.pl\/index.php\/wp-json\/wp\/v2\/types\/page"}],"author":[{"embeddable":true,"href":"https:\/\/zdrowelapy.pl\/index.php\/wp-json\/wp\/v2\/users\/1"}],"replies":[{"embeddable":true,"href":"https:\/\/zdrowelapy.pl\/index.php\/wp-json\/wp\/v2\/comments?post=364"}],"version-history":[{"count":5,"href":"https:\/\/zdrowelapy.pl\/index.php\/wp-json\/wp\/v2\/pages\/364\/revisions"}],"predecessor-version":[{"id":419,"href":"https:\/\/zdrowelapy.pl\/index.php\/wp-json\/wp\/v2\/pages\/364\/revisions\/419"}],"wp:attachment":[{"href":"https:\/\/zdrowelapy.pl\/index.php\/wp-json\/wp\/v2\/media?parent=364"}],"curies":[{"name":"wp","href":"https:\/\/api.w.org\/{rel}","templated":true}]}}