{"id":366,"date":"2025-05-06T09:47:51","date_gmt":"2025-05-06T09:47:51","guid":{"rendered":"https:\/\/zdrowelapy.pl\/?page_id=366"},"modified":"2025-05-09T08:10:36","modified_gmt":"2025-05-09T08:10:36","slug":"masaz-dla-psa-2","status":"publish","type":"page","link":"https:\/\/zdrowelapy.pl\/index.php\/fizjoterapia-i-rehabilitacja\/masaz-dla-psa-2\/","title":{"rendered":"Masa\u017c dla psa"},"content":{"rendered":"\n<hr class=\"wp-block-separator has-alpha-channel-opacity\"\/>\n\n\n\n<p>Przede wszystkim efekt b\u0119dzie widoczny w uk\u0142adzie ruchu psa \u2013 zauwa\u017cycie zmniejszenie sztywno\u015bci, rozlu\u017anienie mi\u0119\u015bni, swobodniejsze ruchy. Po drugie zaobserwujecie dobry wp\u0142yw na psychik\u0119, psy po masa\u017cu lepiej \u015bpi\u0105, ich sen jest g\u0142\u0119bszy, lepszej jako\u015bci, s\u0105 bardziej zrelaksowane.<\/p>\n\n\n\n<hr class=\"wp-block-separator has-alpha-channel-opacity\"\/>\n\n\n\n<p>Pierwsze efekty mo\u017cna obserwowa\u0107 do\u015b\u0107 szybko, ale zazwyczaj konieczne jest wykonanie serii zabieg\u00f3w, aby osi\u0105gn\u0105\u0107 odpowiedno rezultat terapeutyczny.<\/p>\n\n\n\n<hr class=\"wp-block-separator has-alpha-channel-opacity\"\/>\n\n\n\n<p><strong>Rodzaje masa\u017cu:<\/strong><\/p>\n\n\n\n<div class=\"wp-block-group is-nowrap is-layout-flex wp-container-core-group-is-layout-6c531013 wp-block-group-is-layout-flex\">\n<ul class=\"wp-block-list\">\n<li>rehabilitacyjny<\/li>\n\n\n\n<li>klasyczny<\/li>\n\n\n\n<li>sportowy (przedwysi\u0142kowy, mi\u0119dzywysi\u0142kowy, powysi\u0142kowy)<\/li>\n\n\n\n<li>relaksacyjny<\/li>\n<\/ul>\n<\/div>\n\n\n\n<div class=\"wp-block-group is-nowrap is-layout-flex wp-container-core-group-is-layout-6c531013 wp-block-group-is-layout-flex\">\n<p>Zwi\u0119kszaj\u0105c \u015bwiadomo\u015b\u0107 w\u0142a\u015bcicieli ps\u00f3w w przypadku masa\u017cu je\u017celi nie ma przeciwskaza\u0144 (lista poni\u017cej) to masa\u017c zawsze jest potrzebny i powinien by\u0107 rozwa\u017cany na r\u00f3\u017cnych etapach \u017cycia w trybie ci\u0105g\u0142ym, systematycznym lub przez okre\u015blony czas, dostosowany poprzez wywiad do pacjenta, wieku i ewentualnych dolegliwo\u015bci lub nastawiony na efekt lub cel.<\/p>\n\n\n\n<figure class=\"wp-block-image size-large\"><img loading=\"lazy\" decoding=\"async\" width=\"473\" height=\"1024\" src=\"https:\/\/zdrowelapy.pl\/wp-content\/uploads\/2025\/05\/386591585-819513529960801-626978400899658040-n_orig-473x1024.jpg\" alt=\"\" class=\"wp-image-244\" srcset=\"https:\/\/zdrowelapy.pl\/wp-content\/uploads\/2025\/05\/386591585-819513529960801-626978400899658040-n_orig-473x1024.jpg 473w, https:\/\/zdrowelapy.pl\/wp-content\/uploads\/2025\/05\/386591585-819513529960801-626978400899658040-n_orig-139x300.jpg 139w, https:\/\/zdrowelapy.pl\/wp-content\/uploads\/2025\/05\/386591585-819513529960801-626978400899658040-n_orig-768x1663.jpg 768w, https:\/\/zdrowelapy.pl\/wp-content\/uploads\/2025\/05\/386591585-819513529960801-626978400899658040-n_orig-710x1536.jpg 710w, https:\/\/zdrowelapy.pl\/wp-content\/uploads\/2025\/05\/386591585-819513529960801-626978400899658040-n_orig.jpg 946w\" sizes=\"auto, (max-width: 473px) 100vw, 473px\" \/><\/figure>\n<\/div>\n\n\n\n<p><strong>Wskazania do masa\u017cu:<\/strong><br>1. Zmienione napi\u0119cie mi\u0119\u015bni, atrofia<br>2. Blizny, zrosty tkanek mi\u0119kkich<br>3. Obrz\u0119ki<br>4. Przewlek\u0142e choroby aparatu ruchu<br>5. Ograniczenie ruchu zupe\u0142ne i cz\u0119\u015bciowe, w tym po zabiegach chirurgicznych<br>6. Przewlek\u0142e zaburzenia r\u00f3wnowagi<br>7. Terapia stresu<br>8. Profilaktyka uraz\u00f3w, przygotowanie oko\u0142owysi\u0142kowe i przetrenowanie<br>9. Przygotowanie przed wystaw\u0105.<\/p>\n\n\n\n<p><strong>Przeciwskazania do masa\u017cu:<\/strong><br>1. Wstrz\u0105s<br>2. Gor\u0105czka i og\u00f3lne stany przegrzania<br>3. Ostry stan zapalny okolicy poddawanej zabiegom, stany zapalne uk\u0142adowe<br>4. Faz\u0105 ostra po urazie<br>5. Choroby sk\u00f3ry, uszkodzenia sk\u00f3ry<br>6. Choroby zaka\u017ane i ostre choroby wirusowe<br>7. Przeczulica (przy problemach neurologicznych)<br>8. Zaburzenia krzepni\u0119cia krwi<br>9. Epilepsja<br>10. Choroba nowotworow\u0105<br>11. Choroby uk\u0142adu nerwowego silnie wp\u0142ywaj\u0105ce na zachowanie, objawiaj\u0105ce si\u0119 gwa\u0142townym pobudzeniem, agresj\u0105<br>12. Zerwanie mi\u0119\u015bnia, swie\u017cy zrost<br>13. \u0141amliwo\u015bci ko\u015bci<\/p>\n\n\n\n<p><strong>Wp\u0142yw masa\u017cu klasycznego<\/strong><\/p>\n\n\n\n<ul class=\"wp-block-list\">\n<li>uelastycznienie tkanek, zmniejszenie ich napi\u0119cia (przykurcze)<\/li>\n\n\n\n<li>poprawa kr\u0105\u017cenia (rozgrzanie, od\u017cywienie, natlenowanie)<\/li>\n<\/ul>\n\n\n\n<p>*spowolnienie post\u0119pu zmian zwyrodnieniowych (od\u017cywienie ko\u015bci I staw\u00f3w )<br>* poprawa przemiany materii<br>*zapobieganie zanikom mi\u0119\u015bni<br>*odprowadzenie obrz\u0119k\u00f3w, usuwanie zmienionego zapalnie p\u0142ynu tkankowego I produkt\u00f3w przemiany materii<br>* zwi\u0119kszenie produkcji moczu<br>* poprawa stanu sk\u00f3ry I sier\u015bci<\/p>\n\n\n\n<ul class=\"wp-block-list\">\n<li>stymulacja przewodnictwa nerwowego<\/li>\n\n\n\n<li>efekt pobudzaj\u0105cy lub rozlu\u017aniaj\u0105cy<\/li>\n\n\n\n<li>rozdrobnienie i usuni\u0119cie tkanki t\u0142uszczowej z kom\u00f3rek magazynuj\u0105cych<\/li>\n\n\n\n<li>stymulacja proces\u00f3w krwiotw\u00f3rczych i odporno\u015bciowych (przydatne u szczeni\u0105t i m\u0142odych ps\u00f3w)<\/li>\n\n\n\n<li>wp\u0142yw po\u015bredni &#8211; konsensualny na mi\u0119\u015bnie (masuj\u0105c jedn\u0105 okolice wp\u0142ywamy na drug\u0105 ) mechaniczne rozbicie drobnych zrost\u00f3w i blizn<\/li>\n\n\n\n<li>stymulacja wydzielania endogennych opioid\u00f3w: endorfin i enkefalin<\/li>\n\n\n\n<li>zmniejszenie cz\u0119stotliwo\u015bci oddech\u00f3w, obni\u017cenie ci\u015bnienia krwi na skutek obni\u017cenia poziomu adrenaliny i kortyzolu<\/li>\n\n\n\n<li>zwi\u0119kszenie \u015bwiadomo\u015bci w\u0142asnego cia\u0142a, poprawa czucia g\u0142\u0119bokiego (propriocepcja) [przydatne u szczeni\u0105t]<\/li>\n<\/ul>\n\n\n\n<h3 class=\"wp-block-heading\">\ud83d\udcc5 Um\u00f3w si\u0119 na wizyt\u0119 \u2013 zadbaj o komfort swojego zwierzaka<\/h3>\n\n\n\n<p>Ka\u017cde zwierz\u0119 to osobna historia. W Goldenmajko Zdrowe \u0141apy nie pracujemy schematami \u2013 tworzymy <strong>indywidualne plany terapii<\/strong>, dopasowane do stanu zdrowia, temperamentu i mo\u017cliwo\u015bci Twojego pupila.<\/p>\n\n\n\n<p>Zapraszamy opiekun\u00f3w ps\u00f3w i kot\u00f3w w ka\u017cdym wieku \u2013 od szczeni\u0105t po senior\u00f3w. Niezale\u017cnie, czy Tw\u00f3j zwierzak wraca do zdrowia po operacji, ma przewlek\u0142y problem ruchowy, czy po prostu potrzebuje wsparcia i dotyku \u2013 jeste\u015bmy tu, by pom\u00f3c.<\/p>\n\n\n\n<p>\ud83d\udcde Zadzwo\u0144: 888343269<br>\ud83d\udce7 Napisz: goldenmajko@poczta.onet.pl<br>\ud83c\udf10 Znajd\u017a nas online: FB: goldenmajko IG: goldenmajko<\/p>\n\n\n\n<p><strong>Goldenmajko Zdrowe \u0141apy \u2013 bo zdrowie Twojego zwierzaka zaczyna si\u0119 od troskliwego dotyku.<\/strong><\/p>\n","protected":false},"excerpt":{"rendered":"<p>Przede wszystkim efekt b\u0119dzie widoczny w uk\u0142adzie ruchu psa \u2013 zauwa\u017cycie zmniejszenie sztywno\u015bci, rozlu\u017anienie mi\u0119\u015bni, swobodniejsze ruchy. Po drugie zaobserwujecie dobry wp\u0142yw na psychik\u0119, psy po masa\u017cu lepiej \u015bpi\u0105, ich sen jest g\u0142\u0119bszy, lepszej jako\u015bci, s\u0105 bardziej zrelaksowane. Pierwsze efekty mo\u017cna obserwowa\u0107 do\u015b\u0107 szybko, ale zazwyczaj konieczne jest wykonanie serii zabieg\u00f3w, aby osi\u0105gn\u0105\u0107 odpowiedno rezultat [&hellip;]<\/p>\n","protected":false},"author":1,"featured_media":0,"parent":176,"menu_order":2,"comment_status":"closed","ping_status":"closed","template":"","meta":{"footnotes":""},"class_list":["post-366","page","type-page","status-publish","hentry"],"yoast_head":"<!-- This site is optimized with the Yoast SEO plugin v25.6 - https:\/\/yoast.com\/wordpress\/plugins\/seo\/ -->\n<title>Masa\u017c dla psa - Goldenmajko Zdrowe \u0141apy<\/title>\n<meta name=\"robots\" content=\"index, follow, max-snippet:-1, max-image-preview:large, max-video-preview:-1\" \/>\n<link rel=\"canonical\" href=\"https:\/\/zdrowelapy.pl\/index.php\/fizjoterapia-i-rehabilitacja\/masaz-dla-psa-2\/\" \/>\n<meta property=\"og:locale\" content=\"pl_PL\" \/>\n<meta property=\"og:type\" content=\"article\" \/>\n<meta property=\"og:title\" content=\"Masa\u017c dla psa - Goldenmajko Zdrowe \u0141apy\" \/>\n<meta property=\"og:description\" content=\"Przede wszystkim efekt b\u0119dzie widoczny w uk\u0142adzie ruchu psa \u2013 zauwa\u017cycie zmniejszenie sztywno\u015bci, rozlu\u017anienie mi\u0119\u015bni, swobodniejsze ruchy. Po drugie zaobserwujecie dobry wp\u0142yw na psychik\u0119, psy po masa\u017cu lepiej \u015bpi\u0105, ich sen jest g\u0142\u0119bszy, lepszej jako\u015bci, s\u0105 bardziej zrelaksowane. Pierwsze efekty mo\u017cna obserwowa\u0107 do\u015b\u0107 szybko, ale zazwyczaj konieczne jest wykonanie serii zabieg\u00f3w, aby osi\u0105gn\u0105\u0107 odpowiedno rezultat [&hellip;]\" \/>\n<meta property=\"og:url\" content=\"https:\/\/zdrowelapy.pl\/index.php\/fizjoterapia-i-rehabilitacja\/masaz-dla-psa-2\/\" \/>\n<meta property=\"og:site_name\" content=\"Goldenmajko Zdrowe \u0141apy\" \/>\n<meta property=\"article:publisher\" content=\"https:\/\/www.facebook.com\/goldenmajko\" \/>\n<meta property=\"article:modified_time\" content=\"2025-05-09T08:10:36+00:00\" \/>\n<meta property=\"og:image\" content=\"http:\/\/zdrowelapy.pl\/wp-content\/uploads\/2025\/05\/386591585-819513529960801-626978400899658040-n_orig-473x1024.jpg\" \/>\n<meta name=\"twitter:card\" content=\"summary_large_image\" \/>\n<meta name=\"twitter:label1\" content=\"Szacowany czas czytania\" \/>\n\t<meta name=\"twitter:data1\" content=\"3 minuty\" \/>\n<script type=\"application\/ld+json\" class=\"yoast-schema-graph\">{\"@context\":\"https:\/\/schema.org\",\"@graph\":[{\"@type\":\"WebPage\",\"@id\":\"https:\/\/zdrowelapy.pl\/index.php\/fizjoterapia-i-rehabilitacja\/masaz-dla-psa-2\/\",\"url\":\"https:\/\/zdrowelapy.pl\/index.php\/fizjoterapia-i-rehabilitacja\/masaz-dla-psa-2\/\",\"name\":\"Masa\u017c dla psa - Goldenmajko Zdrowe \u0141apy\",\"isPartOf\":{\"@id\":\"https:\/\/zdrowelapy.pl\/#website\"},\"primaryImageOfPage\":{\"@id\":\"https:\/\/zdrowelapy.pl\/index.php\/fizjoterapia-i-rehabilitacja\/masaz-dla-psa-2\/#primaryimage\"},\"image\":{\"@id\":\"https:\/\/zdrowelapy.pl\/index.php\/fizjoterapia-i-rehabilitacja\/masaz-dla-psa-2\/#primaryimage\"},\"thumbnailUrl\":\"http:\/\/zdrowelapy.pl\/wp-content\/uploads\/2025\/05\/386591585-819513529960801-626978400899658040-n_orig-473x1024.jpg\",\"datePublished\":\"2025-05-06T09:47:51+00:00\",\"dateModified\":\"2025-05-09T08:10:36+00:00\",\"breadcrumb\":{\"@id\":\"https:\/\/zdrowelapy.pl\/index.php\/fizjoterapia-i-rehabilitacja\/masaz-dla-psa-2\/#breadcrumb\"},\"inLanguage\":\"pl-PL\",\"potentialAction\":[{\"@type\":\"ReadAction\",\"target\":[\"https:\/\/zdrowelapy.pl\/index.php\/fizjoterapia-i-rehabilitacja\/masaz-dla-psa-2\/\"]}]},{\"@type\":\"ImageObject\",\"inLanguage\":\"pl-PL\",\"@id\":\"https:\/\/zdrowelapy.pl\/index.php\/fizjoterapia-i-rehabilitacja\/masaz-dla-psa-2\/#primaryimage\",\"url\":\"https:\/\/zdrowelapy.pl\/wp-content\/uploads\/2025\/05\/386591585-819513529960801-626978400899658040-n_orig.jpg\",\"contentUrl\":\"https:\/\/zdrowelapy.pl\/wp-content\/uploads\/2025\/05\/386591585-819513529960801-626978400899658040-n_orig.jpg\",\"width\":946,\"height\":2048},{\"@type\":\"BreadcrumbList\",\"@id\":\"https:\/\/zdrowelapy.pl\/index.php\/fizjoterapia-i-rehabilitacja\/masaz-dla-psa-2\/#breadcrumb\",\"itemListElement\":[{\"@type\":\"ListItem\",\"position\":1,\"name\":\"Strona g\u0142\u00f3wna\",\"item\":\"https:\/\/zdrowelapy.pl\/\"},{\"@type\":\"ListItem\",\"position\":2,\"name\":\"Fizjoterapia i Rehabilitacja\",\"item\":\"https:\/\/zdrowelapy.pl\/index.php\/fizjoterapia-i-rehabilitacja\/\"},{\"@type\":\"ListItem\",\"position\":3,\"name\":\"Masa\u017c dla psa\"}]},{\"@type\":\"WebSite\",\"@id\":\"https:\/\/zdrowelapy.pl\/#website\",\"url\":\"https:\/\/zdrowelapy.pl\/\",\"name\":\"Goldenmajko Zdrowe \u0141apy\",\"description\":\"\",\"publisher\":{\"@id\":\"https:\/\/zdrowelapy.pl\/#\/schema\/person\/2f7db41a315c7eaf06bf4c8cb584a0ba\"},\"potentialAction\":[{\"@type\":\"SearchAction\",\"target\":{\"@type\":\"EntryPoint\",\"urlTemplate\":\"https:\/\/zdrowelapy.pl\/?s={search_term_string}\"},\"query-input\":{\"@type\":\"PropertyValueSpecification\",\"valueRequired\":true,\"valueName\":\"search_term_string\"}}],\"inLanguage\":\"pl-PL\"},{\"@type\":[\"Person\",\"Organization\"],\"@id\":\"https:\/\/zdrowelapy.pl\/#\/schema\/person\/2f7db41a315c7eaf06bf4c8cb584a0ba\",\"name\":\"goldenmajko\",\"image\":{\"@type\":\"ImageObject\",\"inLanguage\":\"pl-PL\",\"@id\":\"https:\/\/zdrowelapy.pl\/#\/schema\/person\/image\/\",\"url\":\"https:\/\/zdrowelapy.pl\/wp-content\/uploads\/2025\/05\/logo.png\",\"contentUrl\":\"https:\/\/zdrowelapy.pl\/wp-content\/uploads\/2025\/05\/logo.png\",\"width\":500,\"height\":250,\"caption\":\"goldenmajko\"},\"logo\":{\"@id\":\"https:\/\/zdrowelapy.pl\/#\/schema\/person\/image\/\"},\"description\":\"Edyta Gajewska Kynolog, hodowca Golden Retriever\u00f3w, zoofizjoterapeuta Psy s\u0105 dla mnie najwa\u017cniejsze. Podchodz\u0119 do nich holistycznie! Moje zainteresowania to specyfika ps\u00f3w sportowych, motoryka i biomechanika ruchu oraz techniki zoofizjoterapeutyczne. Jestem Certyfikowanym Masa\u017cyst\u0105 Ps\u00f3w zajmuj\u0105cym si\u0119 terapi\u0105 manualn\u0105 z u\u017cyciem r\u00f3\u017cnorodnych technik fizjoterapeutycznych. Uko\u0144czy\u0142am szereg kurs\u00f3w w Studium Zoofizjoterapii Zwierz\u0105t. Uczestniczy\u0142am w seminariach i warsztatach prowadzonych przez \u015bwiatowej klasy specjalist\u00f3w takich jak Chris Zink, Katie Lawrance, Julie Platt, Marketa Urbaskowa czy te\u017c Pilar Laufente. Uko\u0144czy\u0142am tak\u017ce kurs Akupunktury Weterynaryjnej. Z psami \u017cyj\u0119 na co dzie\u0144. Kynologi\u0105 z zami\u0142owania zajmuj\u0119 si\u0119 od 25 lat. Prowadz\u0119 jedn\u0105 z najlepszych polskich hodowli Golden Retriever. Posiadam bogat\u0105 wiedz\u0119 dotycz\u0105c\u0105 behawioru ps\u00f3w. W wolnym czasie trenujemy nosework, je\u017adzimy na wystawy i chodzimy po g\u00f3rach.\",\"sameAs\":[\"http:\/\/zdrowelapy.pl\",\"https:\/\/www.facebook.com\/goldenmajko\",\"https:\/\/www.instagram.com\/goldenmajko\/\"]}]}<\/script>\n<!-- \/ Yoast SEO plugin. -->","yoast_head_json":{"title":"Masa\u017c dla psa - Goldenmajko Zdrowe \u0141apy","robots":{"index":"index","follow":"follow","max-snippet":"max-snippet:-1","max-image-preview":"max-image-preview:large","max-video-preview":"max-video-preview:-1"},"canonical":"https:\/\/zdrowelapy.pl\/index.php\/fizjoterapia-i-rehabilitacja\/masaz-dla-psa-2\/","og_locale":"pl_PL","og_type":"article","og_title":"Masa\u017c dla psa - Goldenmajko Zdrowe \u0141apy","og_description":"Przede wszystkim efekt b\u0119dzie widoczny w uk\u0142adzie ruchu psa \u2013 zauwa\u017cycie zmniejszenie sztywno\u015bci, rozlu\u017anienie mi\u0119\u015bni, swobodniejsze ruchy. Po drugie zaobserwujecie dobry wp\u0142yw na psychik\u0119, psy po masa\u017cu lepiej \u015bpi\u0105, ich sen jest g\u0142\u0119bszy, lepszej jako\u015bci, s\u0105 bardziej zrelaksowane. Pierwsze efekty mo\u017cna obserwowa\u0107 do\u015b\u0107 szybko, ale zazwyczaj konieczne jest wykonanie serii zabieg\u00f3w, aby osi\u0105gn\u0105\u0107 odpowiedno rezultat [&hellip;]","og_url":"https:\/\/zdrowelapy.pl\/index.php\/fizjoterapia-i-rehabilitacja\/masaz-dla-psa-2\/","og_site_name":"Goldenmajko Zdrowe \u0141apy","article_publisher":"https:\/\/www.facebook.com\/goldenmajko","article_modified_time":"2025-05-09T08:10:36+00:00","og_image":[{"url":"http:\/\/zdrowelapy.pl\/wp-content\/uploads\/2025\/05\/386591585-819513529960801-626978400899658040-n_orig-473x1024.jpg","type":"","width":"","height":""}],"twitter_card":"summary_large_image","twitter_misc":{"Szacowany czas czytania":"3 minuty"},"schema":{"@context":"https:\/\/schema.org","@graph":[{"@type":"WebPage","@id":"https:\/\/zdrowelapy.pl\/index.php\/fizjoterapia-i-rehabilitacja\/masaz-dla-psa-2\/","url":"https:\/\/zdrowelapy.pl\/index.php\/fizjoterapia-i-rehabilitacja\/masaz-dla-psa-2\/","name":"Masa\u017c dla psa - Goldenmajko Zdrowe \u0141apy","isPartOf":{"@id":"https:\/\/zdrowelapy.pl\/#website"},"primaryImageOfPage":{"@id":"https:\/\/zdrowelapy.pl\/index.php\/fizjoterapia-i-rehabilitacja\/masaz-dla-psa-2\/#primaryimage"},"image":{"@id":"https:\/\/zdrowelapy.pl\/index.php\/fizjoterapia-i-rehabilitacja\/masaz-dla-psa-2\/#primaryimage"},"thumbnailUrl":"http:\/\/zdrowelapy.pl\/wp-content\/uploads\/2025\/05\/386591585-819513529960801-626978400899658040-n_orig-473x1024.jpg","datePublished":"2025-05-06T09:47:51+00:00","dateModified":"2025-05-09T08:10:36+00:00","breadcrumb":{"@id":"https:\/\/zdrowelapy.pl\/index.php\/fizjoterapia-i-rehabilitacja\/masaz-dla-psa-2\/#breadcrumb"},"inLanguage":"pl-PL","potentialAction":[{"@type":"ReadAction","target":["https:\/\/zdrowelapy.pl\/index.php\/fizjoterapia-i-rehabilitacja\/masaz-dla-psa-2\/"]}]},{"@type":"ImageObject","inLanguage":"pl-PL","@id":"https:\/\/zdrowelapy.pl\/index.php\/fizjoterapia-i-rehabilitacja\/masaz-dla-psa-2\/#primaryimage","url":"https:\/\/zdrowelapy.pl\/wp-content\/uploads\/2025\/05\/386591585-819513529960801-626978400899658040-n_orig.jpg","contentUrl":"https:\/\/zdrowelapy.pl\/wp-content\/uploads\/2025\/05\/386591585-819513529960801-626978400899658040-n_orig.jpg","width":946,"height":2048},{"@type":"BreadcrumbList","@id":"https:\/\/zdrowelapy.pl\/index.php\/fizjoterapia-i-rehabilitacja\/masaz-dla-psa-2\/#breadcrumb","itemListElement":[{"@type":"ListItem","position":1,"name":"Strona g\u0142\u00f3wna","item":"https:\/\/zdrowelapy.pl\/"},{"@type":"ListItem","position":2,"name":"Fizjoterapia i Rehabilitacja","item":"https:\/\/zdrowelapy.pl\/index.php\/fizjoterapia-i-rehabilitacja\/"},{"@type":"ListItem","position":3,"name":"Masa\u017c dla psa"}]},{"@type":"WebSite","@id":"https:\/\/zdrowelapy.pl\/#website","url":"https:\/\/zdrowelapy.pl\/","name":"Goldenmajko Zdrowe \u0141apy","description":"","publisher":{"@id":"https:\/\/zdrowelapy.pl\/#\/schema\/person\/2f7db41a315c7eaf06bf4c8cb584a0ba"},"potentialAction":[{"@type":"SearchAction","target":{"@type":"EntryPoint","urlTemplate":"https:\/\/zdrowelapy.pl\/?s={search_term_string}"},"query-input":{"@type":"PropertyValueSpecification","valueRequired":true,"valueName":"search_term_string"}}],"inLanguage":"pl-PL"},{"@type":["Person","Organization"],"@id":"https:\/\/zdrowelapy.pl\/#\/schema\/person\/2f7db41a315c7eaf06bf4c8cb584a0ba","name":"goldenmajko","image":{"@type":"ImageObject","inLanguage":"pl-PL","@id":"https:\/\/zdrowelapy.pl\/#\/schema\/person\/image\/","url":"https:\/\/zdrowelapy.pl\/wp-content\/uploads\/2025\/05\/logo.png","contentUrl":"https:\/\/zdrowelapy.pl\/wp-content\/uploads\/2025\/05\/logo.png","width":500,"height":250,"caption":"goldenmajko"},"logo":{"@id":"https:\/\/zdrowelapy.pl\/#\/schema\/person\/image\/"},"description":"Edyta Gajewska Kynolog, hodowca Golden Retriever\u00f3w, zoofizjoterapeuta Psy s\u0105 dla mnie najwa\u017cniejsze. Podchodz\u0119 do nich holistycznie! Moje zainteresowania to specyfika ps\u00f3w sportowych, motoryka i biomechanika ruchu oraz techniki zoofizjoterapeutyczne. Jestem Certyfikowanym Masa\u017cyst\u0105 Ps\u00f3w zajmuj\u0105cym si\u0119 terapi\u0105 manualn\u0105 z u\u017cyciem r\u00f3\u017cnorodnych technik fizjoterapeutycznych. Uko\u0144czy\u0142am szereg kurs\u00f3w w Studium Zoofizjoterapii Zwierz\u0105t. Uczestniczy\u0142am w seminariach i warsztatach prowadzonych przez \u015bwiatowej klasy specjalist\u00f3w takich jak Chris Zink, Katie Lawrance, Julie Platt, Marketa Urbaskowa czy te\u017c Pilar Laufente. Uko\u0144czy\u0142am tak\u017ce kurs Akupunktury Weterynaryjnej. Z psami \u017cyj\u0119 na co dzie\u0144. Kynologi\u0105 z zami\u0142owania zajmuj\u0119 si\u0119 od 25 lat. Prowadz\u0119 jedn\u0105 z najlepszych polskich hodowli Golden Retriever. Posiadam bogat\u0105 wiedz\u0119 dotycz\u0105c\u0105 behawioru ps\u00f3w. W wolnym czasie trenujemy nosework, je\u017adzimy na wystawy i chodzimy po g\u00f3rach.","sameAs":["http:\/\/zdrowelapy.pl","https:\/\/www.facebook.com\/goldenmajko","https:\/\/www.instagram.com\/goldenmajko\/"]}]}},"_links":{"self":[{"href":"https:\/\/zdrowelapy.pl\/index.php\/wp-json\/wp\/v2\/pages\/366","targetHints":{"allow":["GET"]}}],"collection":[{"href":"https:\/\/zdrowelapy.pl\/index.php\/wp-json\/wp\/v2\/pages"}],"about":[{"href":"https:\/\/zdrowelapy.pl\/index.php\/wp-json\/wp\/v2\/types\/page"}],"author":[{"embeddable":true,"href":"https:\/\/zdrowelapy.pl\/index.php\/wp-json\/wp\/v2\/users\/1"}],"replies":[{"embeddable":true,"href":"https:\/\/zdrowelapy.pl\/index.php\/wp-json\/wp\/v2\/comments?post=366"}],"version-history":[{"count":3,"href":"https:\/\/zdrowelapy.pl\/index.php\/wp-json\/wp\/v2\/pages\/366\/revisions"}],"predecessor-version":[{"id":416,"href":"https:\/\/zdrowelapy.pl\/index.php\/wp-json\/wp\/v2\/pages\/366\/revisions\/416"}],"up":[{"embeddable":true,"href":"https:\/\/zdrowelapy.pl\/index.php\/wp-json\/wp\/v2\/pages\/176"}],"wp:attachment":[{"href":"https:\/\/zdrowelapy.pl\/index.php\/wp-json\/wp\/v2\/media?parent=366"}],"curies":[{"name":"wp","href":"https:\/\/api.w.org\/{rel}","templated":true}]}}